Is 28585 prime?
False
Is 38953 a prime number?
True
Is 73237 a prime number?
True
Is 30337 a prime number?
False
Is 49763 prime?
False
Is 61867 prime?
False
Is 104207 a composite number?
False
Is 19841 composite?
False
Is 147853 a prime number?
True
Is 4751 a composite number?
False
Is 2507 prime?
False
Is 3563 composite?
True
Is 268123 composite?
False
Is 741337 composite?
False
Is 16973 composite?
True
Is 127 a prime number?
True
Is 32539 a composite number?
True
Is 21967 prime?
False
Is 1167 a composite number?
True
Is 1217 a prime number?
True
Is 2271 a composite number?
True
Is 259321 composite?
False
Is 69205 a prime number?
False
Is 3301337 prime?
False
Is 98207 composite?
False
Is 1077641 a composite number?
False
Is 67055 a composite number?
True
Is 8009 a composite number?
False
Is 341 a composite number?
True
Is 46601 prime?
True
Is 37055 a composite number?
True
Is 24317 a prime number?
True
Is 155603 prime?
False
Is 34973 composite?
True
Is 6839 prime?
False
Is 61653 composite?
True
Is 18217 prime?
True
Is 4013245 a composite number?
True
Is 2999 prime?
True
Is 35762 a composite number?
True
Is 73819 composite?
False
Is 1315 prime?
False
Is 2879359 prime?
False
Is 124739 a composite number?
False
Is 17473 a prime number?
False
Is 15787 a prime number?
True
Is 3181 a prime number?
True
Is 321865 a prime number?
False
Is 462863 prime?
True
Is 4703 composite?
False
Is 35729 a prime number?
True
Is 13537 a prime number?
True
Is 1112603 prime?
False
Is 9791 prime?
True
Is 308663 a composite number?
False
Is 5342 a composite number?
True
Is 887 a prime number?
True
Is 420715 a composite number?
True
Is 31469 prime?
True
Is 7817 prime?
True
Is 1069 a prime number?
True
Is 35201 prime?
True
Is 529 a prime number?
False
Is 74821 a prime number?
True
Is 108679 composite?
True
Is 560149 a composite number?
False
Is 310273 a composite number?
False
Is 8251 a prime number?
False
Is 5422463 prime?
True
Is 51533 a composite number?
True
Is 57067 composite?
True
Is 29731 composite?
True
Is 18349 composite?
True
Is 12287 a prime number?
False
Is 256803 a composite number?
True
Is 25385 a prime number?
False
Is 63911 prime?
False
Is 194 a prime number?
False
Is 40739 a prime number?
True
Is 70289 composite?
False
Is 92821 prime?
True
Is 74033 a composite number?
True
Is 211147 composite?
True
Is 93967 composite?
False
Is 1161829 a composite number?
False
Is 1117547 a prime number?
False
Is 13211 prime?
False
Is 821551 composite?
False
Is 44113 a prime number?
False
Is 733 a composite number?
False
Is 14037 a prime number?
False
Is 102793 prime?
True
Is 65211 prime?
False
Is 44839 a prime number?
True
Is 2348561 a composite number?
True
Is 53549 prime?
True
Is 454483 a composite number?
False
Is 8513 a composite number?
False
Is 62503 prime?
False
Is 113065 a prime number?
False
Is 691 prime?
True
Is 125141 a prime number?
True
Is 27011 a prime number?
True
Is 541 a composite number?
False
Is 13835 a composite number?
True
Is 83833 composite?
False
Is 228409 prime?
True
Is 135103 a prime number?
False
Is 676031 composite?
False
Is 1069217 a prime number?
True
Is 5189 a prime number?
True
Is 4083 a composite number?
True
Is 5257 prime?
False
Is 688001 a prime number?
False
Is 898951 composite?
False
Is 16495 prime?
False
Is 7993 prime?
True
Is 43037 composite?
False
Is 2647 a composite number?
False
Is 449563 a prime number?
True
Is 154523 prime?
True
Is 10937 prime?
True
Is 111 prime?
False
Is 3433 a prime number?
True
Is 163235 composite?
True
Is 47051 a prime number?
True
Is 69637 a composite number?
True
Is 379273 a prime number?
True
Is 25253 a prime number?
True
Is 7909 prime?
False
Is 87109 a prime number?
False
Is 37166 composite?
True
Is 282349 a prime number?
True
Is 155695 composite?
True
Is 8147 prime?
True
Is 407 a composite number?
True
Is 156263 a prime number?
False
Is 3427 prime?
False
Is 382103 prime?
True
Is 18013 a prime number?
True
Is 4441 a composite number?
False
Is 16249 a prime number?
True
Is 28913 prime?
False
Is 20701 a prime number?
False
Is 1031213 a prime number?
False
Is 24199 a prime number?
False
Is 156719 a prime number?
True
Is 39293 prime?
True
Is 7433 prime?
True
Is 460523 a composite number?
True
Is 1949 composite?
False
Is 1364299 a prime number?
True
Is 95537 a composite number?
True
Is 24937 prime?
False
Is 12571 a composite number?
True
Is 1784859 composite?
True
Is 118159 composite?
True
Is 44261 a prime number?
False
Is 114547 a composite number?
False
Is 412579 prime?
False
Is 9442 composite?
True
Is 447509 composite?
False
Is 15253 prime?
False
Is 284287 composite?
True
Is 124067 a composite number?
False
Is 220555 a composite number?
True
Is 48299 prime?
True
Is 619241 a composite number?
True
Is 442687 composite?
True
Is 12097 composite?
False
Is 33109 prime?
False
Is 580183 a prime number?
True
Is 11545 prime?
False
Is 6287 composite?
False
Is 959263 composite?
False
Is 13385 composite?
True
Is 5266 a composite number?
True
Is 20849 a prime number?
True
Is 6022 a prime number?
False
Is 421493 a prime number?
True
Is 7841 prime?
True
Is 997721 a composite number?
True
Is 1222307 prime?
True
Is 4327 composite?
False
Is 7279 a prime number?
False
Is 31883 composite?
False
Is 19373 prime?
True
Is 619921 prime?
True
Is 590191 a composite number?
True
Is 1177 a composite number?
True
Is 5293 a composite number?
True
Is 445 prime?
False
Is 131293 a prime number?
True
Is 133 composite?
True
Is 134129 a prime number?
True
Is 1259 composite?
False
Is 105817 a prime number?
True
Is 2365721 prime?
True
Is 3203 prime?
True
Is 7363 prime?
False
Is 69463 a prime number?
True
Is 49253 a composite number?
False
Is 138053 prime?
True
Is 109253 composite?
False
Is 73415 prime?
False
Is 9865 prime?
False
Is 118453 composite?
False
Is 386083 a composite number?
False
Is 1404367 composite?
False
Is 1018 composite?
True
Is 176123 a composite number?
False
Is 395377 a composite number?
False
Is 1556177 a composite number?
True
Is 81223 a composite number?
False
Is 67247 prime?
True
Is 114371 a prime number?
True
Is 20777 a composite number?
True
Is 1603331 prime?
True
Is 52313 a prime number?
True
Is 872999 a prime number?
True
Is 319 a composite number?
True
Is 22423 a prime number?
False
Is 80029 a composite number?
True
Is 16183 a composite number?
False
Is 1900363 a prime number?
True
Is 779477 a composite number?
False
Is 58933 prime?
False
Is 1367 a composite number?
False
Is 6467 composite?
True
Is 4751 prime?
True
Is 18329 a prime number?
True
Is 2756339 a composite number?
False
Is 2581 a composite number?
True
Is 5147 a prime number?
True
Is 212057 a prime number?
True
Is 212057 a composite number?
False
Is 11801 prime?
True
Is 449 prime?
True
Is 133409 a composite number?
True
Is 5791 composite?
False
Is 12365 composite?
True
Is 2140441 prime?
True
Is 266969 a prime number?
False
Is 103507 composite?
True
Is 652969 composite?
False
Is 25827 prime?
False
Is 206637 a composite number?
True
Is 33211 composite?
False
Is 216289 a composite number?
False
Is 262289 a prime number?
False
Is 21059 a composite number?
False
Is 973 prime?
False
Is 27497 prime?
False
Is 1535 a prime number?
False
Is 929485 prime?
False
Is 175233 composite?
True
Is 61091 prime?
True
Is 133769 a composite number?
False
Is 16969 composite?
True
Is 20707 a composite number?
False
Is 346189 a composite number?
True
Is 48149 a prime number?
False
Is 10513 prime?
True
Is 470731 composite?
False
Is 35177 a composite number?
True
Is 18697 composite?
True
Is 219109 prime?
False
Is 22051 a composite number?
False
Is 9355 prime?
False
Is 42641 a composite number?
False
Is 44819 composite?
False
Is 148997 a prime number?
True
Is 156941 prime?
True
Is 9901 prime?
True
Is 142643 a prime number?
False
Is 21961 a composite number?
False
Is 3581 prime?
True
Is 43913 composite?
False
Is 2019 prime?
False
Is 256261 a composite number?
True
Is 1143965 a composite number?
True
Is 1537 a composite number?
True
Is 18053 prime?
False
Is 11281 composite?
True
Is 73007 a composite number?
True
Is 1045687 a prime number?
False
Is 622819 a prime number?
False
Is 12379 a prime number?
True
Is 3809 a prime number?
False
Is 490241 a composite number?
False
Is 590407 a